econd derivative of z**4/12 - 5*z**3/6 + 7*z**2/2 + 30*z. Let m(h) = 6*c(h) - 5*v(h). Calculate m(9).
-11
Let f(x) = -3 + 0 + 4 + 0 + 2 - x. Give f(6).
-3
Let d(m) = m**2 + 4*m + 2. Let q(x) = 2*x**2 - 5*x + 5. Let k be q(2). Suppose -k*b - 5 = -2*b. Give d(b).
7
Let g = -5 + 0. Let m(y) = 630 + y - 631 + y - 3*y. Give m(g).
4
Let a be (-6)/4 + (91/(-14) - -6). Let d(g) = -2*g**3 - 4*g**2 + g + 3. Calculate d(a).
1
Let l = 43 - 43. Let q(x) = 4 + l*x**3 + 11*x + x**3 + 3*x**2 - 14*x. Determine q(-4).
0
Suppose -13*i + 9 = 9. Suppose k + 6*k - 21 = i. Let m(s) be the second derivative of -s**4/6 + 5*s**3/6 - 2*s**2 - s. What is m(k)?
-7
Let h(o) = -o**3 + 6*o**2 - o - 4. Suppose 36*i - 12 = 32*i. Suppose -i*f + 10*f = 42. What is h(f)?
-10
Let g(w) = w**3 + 5*w**2 + 2*w + 2. Let y(z) = 2*z**2 - 12*z + 12. Let d be y(4). Give g(d).
10
Let s(x) = 5*x**2 + 6*x + 5. Let n(q) = -10*q**2 - 13*q - 11. Let p(b) = 4*n(b) + 9*s(b). Let f = 165 + -268. Let y = -104 - f. Determine p(y).
4
Let v(z) = -z**2 - 3*z + 1. Let f(u) = -u**3 + 4*u**2 + 8*u - 12. Let x be f(5). Suppose 5 = -2*p - x. Determine v(p).
-3
Let r = -260 - -255. Let c(y) = y**3 + 6*y**2 + 4*y - 1. Calculate c(r).
4
Let a(s) = 7*s - s + 3*s - 17 + 16 + 2*s. Calculate a(6).
65
Suppose 37 + 75 = 4*h. Let w(o) = h*o - 3 - 48*o + 21*o. Calculate w(5).
2
Suppose 3*b - 14 - 310 = 0. Let s = 7 - 5. Let w be s/5 + b/(-20). Let f(h) = -2*h - 1. What is f(w)?
9
Let o(t) = -3*t**3 + t**2 - 1. Suppose -4*z + 1011 = 1003. Calculate o(z).
-21
Let i = -11 + 13. Let t be 11/i - (-4)/(-8). Let m(b) = b**2 - b. Let w(p) = p**3 - 4*p**2 + 2*p + 5. Let q(a) = 2*m(a) - w(a). Calculate q(t).
0
Suppose 3*h = -5*o + 9, 0 = -4*h - o - 7 + 19. Let m(l) = -l**3 + 3*l**2 - 4*l + 7. What is m(h)?
-5
Let o(l) = 2*l**2 - 28*l + 6. Suppose 4*g - 54 = -5*w, 50 = 6*w - 3*w - 2*g. What is o(w)?
6
Let h(c) = 25*c**2 + 5 + 3*c - 78*c**2 + 27*c**2 - 7*c + c**3 + 21*c**2. Let t = 20 + -14. Give h(t).
17
Let u(v) be the second derivative of -1/120*v**5 + 0*v**2 - 5/12*v**4 + 5*v - 1/720*v**6 + 0*v**3 + 0. Let m(n) be the third derivative of u(n). What is m(-2)?
1
Let i(m) = 3*m**3 + 6*m + 7. Let z(n) = 5*n**3 + 11*n + 13. Let f = -108 + 101. Let c(r) = f*i(r) + 4*z(r). Determine c(3).
-18
Let b(p) = -10*p + 190. Let o be b(19). Let v(c) = c**2 + c - 1. Give v(o).
-1
Let j(p) be the second derivative of -3*p**3/2 + 5*p**2/2 - 6*p - 2. What is j(2)?
-13
Suppose -2*t = -7*t. Suppose 0 = -t*h + 2*h. Suppose 2*g - 2 = -h. Let z(q) = -5*q**2 - 1. What is z(g)?
-6
Let f(r) = 2 + 3*r - r**2 + r + 9*r**2 - 7*r**2. Let v = -40 + 77. Suppose 2*c = 4*u - 0*c + 26, 4*c - v = 5*u. Determine f(u).
7
Let i(t) = -2*t - 2. Let g be i(-2). Suppose g*z = -0 + 6. Let n be -4 - 4/(7 - z). Let d(l) = -l**3 - 6*l**2 - 7*l - 5. Give d(n).
5
Let d(c) = c**2 - 695 - 698 + 1395 - 9*c. Let s be 3/(((-9)/(-21))/1). What is d(s)?
-12
Suppose -3*v + 4 = -v. Let x = v - 5. Let y(u) = u**2 + u + 2. Calculate y(x).
8
Let o = -240 - -251. Let m(l) = -l**2 + 9*l + 6. Give m(o).
-16
Let a(s) = 13*s + 4*s**3 - 11*s**2 + 6*s**3 + 5*s**3 + 8*s**3 - 24*s**3 + 8. Determine a(-12).
-4
Let i = 13 - -5. Let a(l) = l + 18 - 35 + i. Calculate a(2).
3
Suppose 0 = -5*t + 2*t + 6. Suppose 5*r - 17 = 3*u - t, -3*u = -4*r + 9. Let s(l) = -l**2 + 5*l - 3. Calculate s(r).
-9
Let z(c) = -c**3 - c**2 - 2*c - 2. Let x be z(-2). Let r = 17 - x. Let w(h) = -h - 5*h**2 + r*h**2 - h - 1. Calculate w(-1).
7
Let k = -443 - -442. Let z(u) = -6*u + 1. Give z(k).
7
Let q be (-32)/(-10)*(-9 - -14). Let z be (24/q)/((-1)/4). Let c(p) be the second derivative of p**3/6 + 5*p**2 - 2*p. Calculate c(z).
4
Let s(f) = -2 - 47350*f**2 + 47349*f**2 + 2*f + 1. Give s(5).
-16
Let f(c) = 3*c - 6. Let q be (-16)/24*30/(-4). Suppose -5 - 10 = -q*s. Suppose 5 + s = 2*j. What is f(j)?
6
Suppose 2*w - 7 = -5*w. Let b(l) = l + 1. Let s(c) = -c - 1 + 0*c - 5*c. Let j(q) = -2*b(q) - s(q). Calculate j(w).
3
Let t(s) = s**2 - 297*s + 296*s - 4 + 3 + 3. Determine t(2).
4
Let j(i) = i + 2. Let c be 36/(-27) - (-4)/(-6). Let f be (2/6)/(c/(-12)). Suppose t = 2*t + f. Calculate j(t).
0
Let l(h) = -23*h**2 - 4*h + 64*h**2 - 37*h**2 + 3*h**3 - 1 - 2*h**3. What is l(-4)?
15
Let x(s) = -1. Let p(k) = k + 5. Let u(h) = p(h) + 5*x(h). Let m(a) = -a**2 - 6*a + 2. Let n be m(-3). Let j = n + -16. What is u(j)?
-5
Suppose 4*f - f = -3*v + 87, 0 = f - 2*v - 23. Suppose -13*a + f = -4*a. Let h(j) = -j**2 + 3*j + 2. Determine h(a).
2
Let w(z) be the second derivative of -z**5/20 - 5*z**4/12 + 7*z**3/6 + 7*z**2/2 + z. Suppose -4*u - 68 = 4*a, 3*u - a + 47 = 8. Let d = 8 + u. Give w(d).
1
Let o(n) = 270*n + 21 - 263*n - n**2 - 29. What is o(6)?
-2
Let u(c) = 7*c**2 + c - 2*c - 11*c - 14 - c**3 + 9. Determine u(5).
-15
Let y(o) be the first derivative of -9*o**2/2 + 3*o + 63. Determine y(2).
-15
Let h(l) = l**3 - 8*l**2 - 8*l - 9. Let t be h(9). Let r be t/(1/(-2)*2). Let u(s) = r - 5 - 3*s - s**2 + 0*s - 5*s. Calculate u(-5).
10
Let w be 4/(-8) - 44/(-8). Let c(l) = -l - 14. Let d be c(-18). Suppose 11 = -d*f - w. Let y(n) = -n**2 - 4*n - 1. What is y(f)?
-1
Let r(g) = g**2 + g + 2. Suppose -2*k = k + 6. Let q be r(k). Let i be q/2 - (1 - 4). Let m(l) = -l**3 + 5*l**2 + l + 1. What is m(i)?
6
Let d(b) = 1 + 18*b**2 - 435*b - 19*b**2 + 436*b. What is d(4)?
-11
Let s = 6 + -4. Let u(z) = z**3 - 13*z**2 + 13*z - 6. Let h(f) = -3 + 6*f + f - 9*f**2 + 2*f**2. Let i(a) = 5*h(a) - 3*u(a). What is i(s)?
-13
Let k(s) = s**2 + 6*s - 3. Suppose -23*x + 3 = 118. Determine k(x).
-8
Suppose -7*z = z - 64. Suppose z*q + 7 = q. Let g(b) = -b**2 - b - 1. What is g(q)?
-1
Let k(s) = -9*s - 4. Let z(d) = -7*d - 1. Let y(h) = -2*k(h) + 3*z(h). Give y(-7).
26
Let y(n) = 26 - 3*n - 39 + 10 + 2*n. Let z(j) = -3*j + 5*j + 0 + 8. Let t be z(-6). Determine y(t).
1
Suppose 1 = o - 1. Let u(s) = -s. Let l be u(0). Let a(y) = y + y + y**2 + l*y - 3*y + 2. Calculate a(o).
4
Let o(u) be the third derivative of 1/6*u**4 + 0 - 1/15*u**5 + 0*u + 1/2*u**3 - u**2. Determine o(-2).
-21
Let j(c) = c**3 - 12*c**2 - c + 5. Let g = -505 - -517. Calculate j(g).
-7
Let s(n) = 3*n**3 + n - 1. Suppose -10 = -73*p + 63. Calculate s(p).
3
Let f(c) = 6 - 14*c**3 + 2 + c**2 - 14*c**3 - 9. What is f(1)?
-28
Suppose c = h, -5*h + 15 = c - 3. Let g(j) = -3*j - 2 + 0*j**2 + j**3 - 2*j**2 + 1. Calculate g(c).
-1
Suppose l - 25 = -5*b, 3*b - 19 = -7. Let r(u) = 2*u - 11. Let g(j) = -2*j + 12. Let d(m) = 4*g(m) + 5*r(m). What is d(l)?
3
Let r(g) = -g**3 + 10*g**2 + 10*g + 14. Let b be r(11). Let c(o) = 10 - 2 + 1 - b*o + o. What is c(6)?
-3
Let z(d) be the second derivative of -d**4/12 - 11*d**3/6 + 9*d**2 + 62*d. Calculate z(-13).
-8
Let p(x) = -x**2 + 12*x + 2. Let b be (-1*(-11)/6)/(216/1296). What is p(b)?
13
Let q = -723 - -722. Let z(p) = -21*p**2. Determine z(q).
-21
Let o = -373 - -371. Let n(x) = -x + 3*x**2 + 4*x - x**3 - 5 + 2*x**2. Let v(m) = -4*m**3 + 21*m**2 + 11*m - 21. Let k(b) = o*v(b) + 9*n(b). What is k(4)?
1
Let m(u) be the first derivative of 7*u**2/2 + 11*u + 245. What is m(-8)?
-45
Let t(b) = 19*b - 6. Let v be t(1). Let o(k) = -v + 11 - 2*k + 6 + k**2. Determine o(-3).
19
Suppose 4*f + z = -4*z + 1, 2*f + 5*z = 13. Let w = f - -3. Let i(d) = -2*d + 2 - d + 2*d - 4. Give i(w).
1
Let k(l) = l**2 - 4*l. Suppose 2 = -2*x - 5*d, -3*x - 5*d + 10 = 2*x. Suppose -4 = -x*p + 16. Calculate k(p).
5
Let i = -14 - -16. Let m(z) = z**3 - 2*z**2 + 0*z**3 + 2*z - 2 - i*z**2 + 0*z**3. Let u = -3 + 6. Determine m(u).
-5
Let i(j) = j**3 + 7*j**2 - 9*j - 6. Suppose -5*s + 5*p = 30, 2*s + 14 = -s + 5*p. Let a be i(s). Let d(n) = -4*n - 1. Give d(a).
-9
Let v(b) = -b - 1. Let x(g) = -49*g - 3. Let d be x(-1). Let z = d - 80. Let m = z - -34. Give v(m).
-1
Let o(v) = -4*v**2 + 8*v + 5. Let n(c) = -11*c**2 + 23*c + 16. Suppose 25 = m + 33. Let f(q) = m*o(q) + 3*n(q). Give f(6).
2
Let w(b) be the second derivative of b**6/120 - b**4/24 + 3*b**2/2 - 2*b. Let m(r) be the first derivative of w(r). Let v = -28 - -28. Determine m(v).
0
Let o(i) = 81*i**2 + 77*i**2 + 80*i**2 - 5*i**3 - 2*i - 237*i**2 + 1. Let p = -1 - -2. Give o(p).
-5
Let r(t) = -t**3 + 11*t**2 + 13*t - 5. Let y be r(12). Let l(o) = o**3 - 8*o**2 + 2*o + 7. Let k be l(7). Let d be (-36)/k - 2/y. Let h(m) = 6*m. Give h(d).
6
